19?
False
Is 10 a factor of 1487889?
False
Is 152179 a multiple of 9?
False
Is 11 a factor of 7375423?
True
Does 57 divide 152475?
True
Does 72 divide 188712?
True
Is 174230 a multiple of 131?
True
Is 5240908 a multiple of 19?
False
Is 1569442 a multiple of 9?
False
Does 265 divide 1602455?
True
Is 224520 a multiple of 40?
True
Is 90 a factor of 152010?
True
Is 1738880 a multiple of 55?
True
Is 6734 a multiple of 7?
True
Is 8 a factor of 6487680?
True
Is 1021500 a multiple of 250?
True
Is 56 a factor of 1695912?
False
Is 841 a factor of 1887204?
True
Is 105156 a multiple of 92?
True
Does 65 divide 1148777?
False
Is 668 a factor of 9989941?
False
Is 23 a factor of 4219511?
True
Is 1169 a factor of 907430?
False
Is 665044 a multiple of 53?
True
Does 31 divide 585187?
True
Does 28 divide 115838?
False
Does 69 divide 4003?
False
Does 61 divide 4854835?
False
Is 5 a factor of 20505?
True
Is 60467 a multiple of 65?
False
Does 965 divide 174632?
False
Does 8 divide 2209624?
True
Does 323 divide 1901934?
False
Is 2430801 a multiple of 17?
False
Is 1084 a factor of 2146752?
False
Does 869 divide 950686?
True
Does 596 divide 5723816?
False
Is 329 a factor of 22328243?
True
Does 21 divide 280392?
True
Is 833 a factor of 323204?
True
Is 52528 a multiple of 320?
False
Is 312 a factor of 3308632?
False
Is 39368 a multiple of 133?
True
Does 552 divide 3483672?
True
Is 4276344 a multiple of 184?
True
Does 14 divide 238476?
True
Is 46 a factor of 63298?
False
Is 33264 a multiple of 12?
True
Does 6 divide 324186?
True
Is 774 a factor of 3539502?
True
Does 21 divide 61712?
False
Does 173 divide 2888655?
False
Is 113 a factor of 20459441?
True
Does 6 divide 120972?
True
Does 47 divide 133104?
True
Is 199755 a multiple of 17?
False
Is 4470878 a multiple of 251?
False
Is 28135 a multiple of 85?
True
Is 656 a factor of 476912?
True
Does 514 divide 5551714?
True
Is 477105 a multiple of 85?
True
Does 14 divide 54614?
True
Is 193599 a multiple of 178?
False
Is 117752 a multiple of 4?
True
Does 93 divide 2590224?
False
Is 125 a factor of 270208?
False
Is 59916 a multiple of 82?
False
Is 45 a factor of 1315799?
False
Is 666252 a multiple of 93?
True
Is 109 a factor of 1398034?
True
Does 6 divide 1604856?
True
Is 7 a factor of 48216?
True
Is 17 a factor of 53278?
True
Is 2643425 a multiple of 215?
True
Does 458 divide 245787?
False
Is 144248 a multiple of 76?
True
Is 26516 a multiple of 595?
False
Does 320 divide 3153920?
True
Is 112 a factor of 23228507?
False
Is 51 a factor of 31824?
True
Is 1098251 a multiple of 33?
False
Is 17892813 a multiple of 1044?
False
Is 249 a factor of 717181?
False
Does 3 divide 15593?
False
Is 1112528 a multiple of 35?
False
Does 13 divide 303563?
True
Is 42 a factor of 447101?
False
Is 82360 a multiple of 16?
False
Is 3 a factor of 72912?
True
Is 9 a factor of 267588?
True
Does 56 divide 294022?
False
Is 11065888 a multiple of 16?
True
Is 94 a factor of 1977854?
True
Is 16 a factor of 182724?
False
Does 531 divide 927531?
False
Does 288 divide 430282?
False
Does 5 divide 150630?
True
Does 49 divide 5578650?
True
Is 32 a factor of 769509?
False
Does 97 divide 218929?
True
Is 644 a factor of 1369175?
False
Is 689 a factor of 15753985?
True
Does 78 divide 2107182?
False
Is 49656 a multiple of 128?
False
Does 17 divide 620058?
True
Does 945 divide 2169437?
False
Is 58 a factor of 58290?
True
Is 2872664 a multiple of 49?
False
Does 105 divide 2249940?
True
Does 12 divide 616264?
False
Is 14 a factor of 12583214?
True
Is 7 a factor of 8071413?
True
Is 218 a factor of 922794?
True
Does 32 divide 418941?
False
Does 22 divide 300752?
False
Does 24 divide 266712?
True
Is 8 a factor of 17616?
True
Is 31 a factor of 182422?
False
Is 168 a factor of 13245960?
True
Does 38 divide 761516?
False
Is 5411856 a multiple of 69?
False
Is 2 a factor of 12795?
False
Is 10 a factor of 364410?
True
Does 8 divide 382014?
False
Is 20 a factor of 4452040?
True
Is 87497 a multiple of 41?
False
Does 10 divide 265893?
False
Does 6 divide 25200?
True
Is 9 a factor of 1003311?
True
Does 67 divide 4334048?
False
Is 40 a factor of 566240?
True
Does 6 divide 3633747?
False
Does 38 divide 8484821?
False
Is 104 a factor of 344344?
True
Is 5 a factor of 32742?
False
Does 27 divide 3039444?
True
Is 2015434 a multiple of 535?
False
Is 79 a factor of 159343?
True
Is 20570948 a multiple of 511?
False
Is 578009 a multiple of 64?
False
Is 426 a factor of 903120?
True
Is 7 a factor of 1737363?
False
Does 77 divide 238161?
True
Is 256368 a multiple of 16?
True
Does 13 divide 276697?
False
Is 5935003 a multiple of 49?
False
Is 18176 a multiple of 11?
False
Is 531 a factor of 1660786?
False
Is 4866043 a multiple of 13?
True
Is 30746 a multiple of 11?
False
Is 58 a factor of 117962?
False
Is 27 a factor of 69579?
True
Does 734 divide 247358?
True
Is 246 a factor of 266418?
True
Is 153886 a multiple of 230?
False
Does 389 divide 4356022?
True
Is 830992 a multiple of 334?
True
Is 66 a factor of 15180?
True
Is 3637920 a multiple of 24?
True
Is 557924 a multiple of 101?
True
Is 244049 a multiple of 2?
False
Is 20608 a multiple of 46?
True
Is 412 a factor of 6324941?
False
Does 42 divide 5161105?
False
Is 5820219 a multiple of 6?
False
Is 203 a factor of 1085035?
True
Is 9548 a multiple of 4?
True
Is 114 a factor of 59622?
True
Does 58 divide 105444?
True
Is 11 a factor of 4573523?
False
Does 16 divide 16246851?
False
Is 300 a factor of 330300?
True
Does 313 divide 5661431?
False
Does 4 divide 93577?
False
Is 9 a factor of 209810?
False
Does 1463 divide 7396675?
False
Is 18 a factor of 176479?
False
Is 125 a factor of 389875?
True
Does 49 divide 570458?
True
Does 7 divide 3002609?
False
Is 106118 a multiple of 8?
False
Does 305 divide 3359655?
False
Does 21 divide 111216?
True
Is 15 a factor of 1730841?
False
Is 111 a factor of 65046?
True
Does 41 divide 1957011?
False
Is 9 a factor of 446265?
True
Is 1817838 a multiple of 4?
False
Is 1759692 a multiple of 132?
True
Does 18 divide 594216?
True
Is 12 a factor of 118643?
False
Does 12 divide 10954440?
True
Is 52420 a multiple of 20?
True
Is 38 a factor of 329992?
True
Is 678 a factor of 791226?
True
Is 528751 a multiple of 4?
False
Is 78241 even?
False
Does 135 divide 53055?
True
Is 355 a factor of 2804145?
True
Is 78 a factor of 1577472?
True
Is 13 a factor of 54065?
False
Does 225 divide 124650?
True
Does 111 divide 6105?
True
Is 11 a factor of 13700122?
False
Is 33 a factor of 656079?
False
Is 10 a factor of 406340?
True
Does 175 divide 4786950?
True
Does 24 divide 30000?
True
Does 61 divide 220820?
True
Does 84 divide 2312772?
True
Does 2447 divide 18127376?
True
Is 429386 a multiple of 19?
False
Does 257 divide 663060?
True
Is 4 a factor of 1764840?
True
Is 7827 a multiple of 2?
False
Is 291 a factor of 408626?
False
Is 2784712 a multiple of 1209?
False
Does 1010 divide 18763167?
False
Is 22 a factor of 16551?
False
Does 11 divide 368373?
False
Is 7 a factor of 2328423?
False
Is 293037 a multiple of 48?
False
Does 5 divide 89670?
True
Is 1337664 a multiple of 48?
True
Does 35 divide 2597875?
True
Is 56 a factor of 308112?
True
Does 64 divide 31257?
False
Is 243513 a multiple of 18?
False
Does 17 divide 4944314?
True
Does 40 divide 5065480?
True
Is 88885 a multiple of 11?
False
Is 1908885 a multiple of 23?
True
Does 28 divide 103628?
True
Is 14 a factor of 201975?
False
Is 61568 a multiple of 31?
False
Is 3140152 a multiple of 8?
True
Does 11 divide 182780?
False
Does 511 divide 1631623?
True
Is 377 a multiple of 29?
True
Is 407 a factor of 128169?
False
Does 77 divide 22561?
True
Does 19 divide 2653255?
True
Is 106568 a multiple of 28?
True
Does 25 divide 6212722?
False
Is 14694 a multiple of 13?
False
Is 552 a factor of 4814691?
False
Is 3206748 a multiple of 58?
False
Is 379 a factor of 1663609?
False
Is 42 a factor of 521088?
False
Is 164704 a multiple of 7?
False
Is 467911 a multiple of 2?
False
Does 4 divide 5280?
True
Does 33 divide 829277?
False
Is 22 a factor of 138908?
True
Does 65 divide 6767547?
False
Does 749 divide 4094034?
True
Does 78 divide 2148353?
False
Is 1510080 a multiple of 352?
True
Is 460764 a multiple of 47?
False
Does 63 divide 441189?
True
Is 134 a factor of 337981?
False
Is 52 a factor of 2200328?
True
Is 5 a